{"id":64,"date":"2016-05-20T12:58:06","date_gmt":"2016-05-20T10:58:06","guid":{"rendered":"http:\/\/ksu.wpengine.com\/ksu-2\/mal-og-resultater\/kommuneplanen\/"},"modified":"2019-05-23T14:00:26","modified_gmt":"2019-05-23T12:00:26","slug":"mal-resultater","status":"publish","type":"page","link":"https:\/\/aarsrapport.kristiansund.kommune.no\/2018\/mal-og-resultater\/mal-resultater\/","title":{"rendered":"M\u00e5l og resultater"},"content":{"rendered":"<h2>Kommuneplanen<\/h2>\n<p>Kommuneplanen er kommunens overordnede strategiske styringsdokument og inneholder m\u00e5l og retningsvalg for kommunens utvikling. Kristiansund kommune skal legge til rette for muligheter for innbyggere, brukere, n\u00e6ringslivet og frivilligheten.<\/p>\n<p>I november 2017 vedtok bystyret en ny samfunnsdel til kommuneplanen for 2018 \u2013 2030. Den nye samfunnsplanen er fundert p\u00e5 FNs b\u00e6rekraftm\u00e5l \u2013 og presentert som fire beskrivelser av framtidas Kristiansund som en varm, klok, modig og smart by. De fire byene gir visjoner for hvordan Kristiansund kommune skal v\u00e6re i 2030. I \u00e5rsrapporten rapporteres det p\u00e5 hvordan det i 2018 har blitt arbeidet for \u00e5 n\u00e5 de ulike visjonene.<\/p>\n<h2>Utfordringer og planer<\/h2>\n<p>Kommuneplanens samfunnsdel for 2018 \u2013 2030 ble vedtatt i 2017. I 2018 ble det startet en prosess med \u00e5 utvikle m\u00e5l og tiltak til samfunnsdelen i kommunens politiske organer. Dette arbeidet fortsetter i 2019. Implementeringen av nytt system for virksomhetsstyring startet i 2018 og vil fortsette i 2019.<\/p>\n","protected":false},"excerpt":{"rendered":"<p>Kommuneplanen Kommuneplanen er kommunens overordnede strategiske styringsdokument og inneholder m\u00e5l og retningsvalg for kommunens utvikling. Kristiansund kommune skal legge til rette for muligheter for innbyggere, brukere, n\u00e6ringslivet og frivilligheten. I november 2017 vedtok bystyret en ny samfunnsdel til kommuneplanen for 2018 \u2013 2030. Den nye samfunnsplanen er fundert p\u00e5 FNs b\u00e6rekraftm\u00e5l \u2013 og presentert som [&hellip;]<\/p>\n","protected":false},"author":2,"featured_media":0,"parent":26,"menu_order":38,"comment_status":"closed","ping_status":"closed","template":"","meta":[],"acf":[],"_links":{"self":[{"href":"https:\/\/aarsrapport.kristiansund.kommune.no\/2018\/wp-json\/wp\/v2\/pages\/64"}],"collection":[{"href":"https:\/\/aarsrapport.kristiansund.kommune.no\/2018\/wp-json\/wp\/v2\/pages"}],"about":[{"href":"https:\/\/aarsrapport.kristiansund.kommune.no\/2018\/wp-json\/wp\/v2\/types\/page"}],"author":[{"embeddable":true,"href":"https:\/\/aarsrapport.kristiansund.kommune.no\/2018\/wp-json\/wp\/v2\/users\/2"}],"replies":[{"embeddable":true,"href":"https:\/\/aarsrapport.kristiansund.kommune.no\/2018\/wp-json\/wp\/v2\/comments?post=64"}],"version-history":[{"count":0,"href":"https:\/\/aarsrapport.kristiansund.kommune.no\/2018\/wp-json\/wp\/v2\/pages\/64\/revisions"}],"up":[{"embeddable":true,"href":"https:\/\/aarsrapport.kristiansund.kommune.no\/2018\/wp-json\/wp\/v2\/pages\/26"}],"wp:attachment":[{"href":"https:\/\/aarsrapport.kristiansund.kommune.no\/2018\/wp-json\/wp\/v2\/media?parent=64"}],"curies":[{"name":"wp","href":"https:\/\/api.w.org\/{rel}","templated":true}]}}