{"id":117,"date":"2016-05-20T13:02:08","date_gmt":"2016-05-20T11:02:08","guid":{"rendered":"http:\/\/ksu.wpengine.com\/ksu-2\/rammeomrader\/plan-og-byggesak\/"},"modified":"2019-05-23T11:15:50","modified_gmt":"2019-05-23T09:15:50","slug":"plan-og-byggesak","status":"publish","type":"page","link":"https:\/\/aarsrapport.kristiansund.kommune.no\/2018\/rammeomrader\/plan-og-byggesak\/","title":{"rendered":"Plan og byggesak"},"content":{"rendered":"<h2>Fakta<\/h2>\n<p>Rammeomr\u00e5det omfatter<\/p>\n<ul>\n<li>regulering<\/li>\n<li>byggesak<\/li>\n<li>oppm\u00e5ling og forvaltning av geodata<\/li>\n<li>milj\u00f8vern<\/li>\n<li>eiendomsskattekontor<\/li>\n<li>matrikkel<\/li>\n<\/ul>\n<p>Tjenesten skal ivareta kommunens rolle som myndighetsut\u00f8ver etter plan- og bygningsloven, lov om eierseksjoner, matrikkelloven, eiendomsskatteloven og som samfunnsakt\u00f8r i byutvikling.<\/p>\n<h2>M\u00e5l og resultater<\/h2>\n<p>Gode tjenester med fokus p\u00e5 kvalitet, tilgjengelighet og brukermedvirkning. Rett vedtak til rett tid.<\/p>\n<p><strong>Tjenesteut\u00f8velse<\/strong><\/p>\n<ul>\n<li>Vi har gjennomf\u00f8rt 80 oppm\u00e5lingsforretninger.<\/li>\n<li>Vi har ajourf\u00f8rt bygg- og tiltaksbaser fortl\u00f8pende i Sentral FKB. \u00d8vrige kartdatabaser ajourf\u00f8res ved behov.<\/li>\n<li>Vi har i reguleringsavdelingen gjennomf\u00f8rt 3 oppstartsm\u00f8ter, 3 planinitiativbehandlinger, 3 reguleringsplaner er lagt ut til 1. gangs behandling og 3 planer til sluttbehandling. Av dette er det gjennomf\u00f8rt klagebehandling av 3 planvedtak.<\/li>\n<li>Vi har stor deltagelse i ulike prosjekter\/utredningsgrupper; skolestruktur, \u00abByen som regional motor, \u00absentrum-2018\u00bb, kartlegging og verdisetting av friluftsomr\u00e5der, utvikling av Atlanten Idrettspark.<\/li>\n<li style=\"text-align: left;\">Vi har lagt fram kommunedelplan for sentrum for Plan \u2013 og bygningsr\u00e5det. Planen ble der etter lagt ut til 2. gangs h\u00f8ring.<\/li>\n<li>Vi har foretatt omtaksering av alle eiendommer. Alle boliger som manglet formuesgrunnlag\/boligverdi, fritidseiendommer, naust og n\u00e6ringseiendommer ble taksert.<\/li>\n<li>Vi har gjort 677 vedtak i byggesak. Det er et stort antall brudd p\u00e5 saksbehandlingstiden i 2018. Dette skyldes nedbygging av restanser og at et stort antall \u00abgamle\u00bb byggesaker er blitt saksbehandlet.<\/li>\n<\/ul>\n<p><strong>Tjenesteutvikling<\/strong><\/p>\n<ul>\n<li>Vi har saksbehandlet alle reguleringsplaner innen lovp\u00e5lagte frister<\/li>\n<li>Vi har i tjenesten kart og oppm\u00e5ling behandlet saker l\u00f8pende og har en gjennomsnittlig behandlingstid p\u00e5 30 dager.<\/li>\n<li>Vi innf\u00f8rte direkteoppdatering av Sentral felles kartdatabase (FKB).<\/li>\n<li>Vi har arbeidet med \u00e5 fullf\u00f8re endringsarbeidet for byggesak som f\u00f8lge av leanprosess i 2016. Grundige kartlegginger av saksbehandlingstid og mangler i byggesak har blitt gjennomf\u00f8rt og danner noe av grunnlaget for m\u00e5lsettingene for 2019.<\/li>\n<li>Vi har m\u00e5l om bedre kundebehandling og god service til innbyggerne. Rett vedtak til rett tid.<\/li>\n<\/ul>\n<p><strong>Organisasjonsutvikling<\/strong><\/p>\n<ul>\n<li>Vi har flyttet eiendomsskattekontoret til \u00d8konomiseksjonen ved utgangen av 2018<\/li>\n<li>Vi har overtatt ansvaret for kommunedelplan for sentrum. I tillegg ble det besluttet at enheten skal ha ansvaret for arbeidet med kommuneplanens arealdel fra januar 2019.<\/li>\n<li>Vi har styrket Byggesaksavdelingen for \u00e5 ta unna restansene. Restanseprosjektet har v\u00e6rt vellykket og enheten forventer at alle \u00abgamle\u00bb byggesaker er behandlet innen p\u00e5ske 2019. Dette gir nye muligheter.<\/li>\n<\/ul>\n<h2>Utfordringer og planer<\/h2>\n<p>R\u00e5dmannen vil gjennomf\u00f8re en optimalisering av alle arbeidsprosesser i enheten for \u00e5 oppn\u00e5 effektiv og forutsigbar saksbehandling. Som ledd i dette vil enheten ta i bruk nytt fagsystem, e-byggesak i 2019. Hele enheten skal benytte dette systemet i sin saksbehandling. Systemet vil v\u00e6re et godt styringsverkt\u00f8y for lederne og gi saksbehandlerne bedre kontroll og st\u00f8tte i den daglige saksbehandlingen. Systemet er forventet \u00e5 gi en effektiviseringsgevinst.<\/p>\n<hr \/>\n<h3 style=\"text-align: center;\">Resultat av restanseprosjektet<\/h3>\n<div id=\"attachment_1096\" style=\"width: 972px\" class=\"wp-caption alignnone\"><img aria-describedby=\"caption-attachment-1096\" decoding=\"async\" loading=\"lazy\" class=\" wp-image-1096\" src=\"http:\/\/aarsrapport.kristiansund.kommune.no\/2018\/wp-content\/uploads\/sites\/11\/2019\/05\/27-Restanseprosjektet.jpg\" alt=\"\" width=\"962\" height=\"611\" srcset=\"https:\/\/aarsrapport.kristiansund.kommune.no\/2018\/wp-content\/uploads\/sites\/11\/2019\/05\/27-Restanseprosjektet.jpg 1890w, https:\/\/aarsrapport.kristiansund.kommune.no\/2018\/wp-content\/uploads\/sites\/11\/2019\/05\/27-Restanseprosjektet-300x190.jpg 300w, https:\/\/aarsrapport.kristiansund.kommune.no\/2018\/wp-content\/uploads\/sites\/11\/2019\/05\/27-Restanseprosjektet-768x488.jpg 768w, https:\/\/aarsrapport.kristiansund.kommune.no\/2018\/wp-content\/uploads\/sites\/11\/2019\/05\/27-Restanseprosjektet-1024x650.jpg 1024w\" sizes=\"(max-width: 962px) 100vw, 962px\" \/><p id=\"caption-attachment-1096\" class=\"wp-caption-text\">Figuren viser kvartalsvis utvikling i restansene og innkomne s\u00f8knader fra andre halv\u00e5r 2016 og ut 2018. Utviklingen har v\u00e6rt nedadg\u00e5ende for perioden sett under ett.<\/p><\/div>\n","protected":false},"excerpt":{"rendered":"<p>Fakta Rammeomr\u00e5det omfatter regulering byggesak oppm\u00e5ling og forvaltning av geodata milj\u00f8vern eiendomsskattekontor matrikkel Tjenesten skal ivareta kommunens rolle som myndighetsut\u00f8ver etter plan- og bygningsloven, lov om eierseksjoner, matrikkelloven, eiendomsskatteloven og som samfunnsakt\u00f8r i byutvikling. M\u00e5l og resultater Gode tjenester med fokus p\u00e5 kvalitet, tilgjengelighet og brukermedvirkning. Rett vedtak til rett tid. Tjenesteut\u00f8velse Vi har gjennomf\u00f8rt [&hellip;]<\/p>\n","protected":false},"author":2,"featured_media":0,"parent":30,"menu_order":57,"comment_status":"closed","ping_status":"closed","template":"","meta":[],"acf":[],"_links":{"self":[{"href":"https:\/\/aarsrapport.kristiansund.kommune.no\/2018\/wp-json\/wp\/v2\/pages\/117"}],"collection":[{"href":"https:\/\/aarsrapport.kristiansund.kommune.no\/2018\/wp-json\/wp\/v2\/pages"}],"about":[{"href":"https:\/\/aarsrapport.kristiansund.kommune.no\/2018\/wp-json\/wp\/v2\/types\/page"}],"author":[{"embeddable":true,"href":"https:\/\/aarsrapport.kristiansund.kommune.no\/2018\/wp-json\/wp\/v2\/users\/2"}],"replies":[{"embeddable":true,"href":"https:\/\/aarsrapport.kristiansund.kommune.no\/2018\/wp-json\/wp\/v2\/comments?post=117"}],"version-history":[{"count":0,"href":"https:\/\/aarsrapport.kristiansund.kommune.no\/2018\/wp-json\/wp\/v2\/pages\/117\/revisions"}],"up":[{"embeddable":true,"href":"https:\/\/aarsrapport.kristiansund.kommune.no\/2018\/wp-json\/wp\/v2\/pages\/30"}],"wp:attachment":[{"href":"https:\/\/aarsrapport.kristiansund.kommune.no\/2018\/wp-json\/wp\/v2\/media?parent=117"}],"curies":[{"name":"wp","href":"https:\/\/api.w.org\/{rel}","templated":true}]}}