{"id":116,"date":"2016-05-20T13:02:08","date_gmt":"2016-05-20T11:02:08","guid":{"rendered":"http:\/\/ksu.wpengine.com\/ksu-2\/rammeomrader\/kommunalteknikk\/"},"modified":"2019-05-23T11:08:24","modified_gmt":"2019-05-23T09:08:24","slug":"kommunalteknikk","status":"publish","type":"page","link":"https:\/\/aarsrapport.kristiansund.kommune.no\/2018\/rammeomrader\/kommunalteknikk\/","title":{"rendered":"Kommunalteknikk"},"content":{"rendered":"<h2>Fakta<\/h2>\n<p>Rammeomr\u00e5det omfatter<\/p>\n<ul>\n<li>planlegging, utbygging, drift og vedlikehold av kommunaltekniske anlegg som vei, vann, avl\u00f8p, renovasjon og slam<\/li>\n<li>forvaltning og drift av parker og gr\u00f8ntanlegg, friluftsomr\u00e5der<\/li>\n<li>oppgaver etter forurensingslov, utslippstillatelser, forurenset grunn<\/li>\n<li>oppgaver p\u00e5 trafikkregulering og trafikksikkerhet, veglov<\/li>\n<li>byggherrefunksjon p\u00e5 utbygging av anlegg p\u00e5 vei, vannforsyning, avl\u00f8p mv.<\/li>\n<li>beredskapstjeneste knyttet til<\/li>\n<li>vannforsyning<\/li>\n<li>avl\u00f8pssystem og forurensning<\/li>\n<li>vei\/trafikk, sn\u00f8br\u00f8yting, str\u00f8ing<\/li>\n<li>avfallsh\u00e5ndtering<\/li>\n<\/ul>\n<p>Tjenesten skal forvalte og videreutvikle kommunalteknisk infrastruktur og service.<\/p>\n<p>I tillegg har Kommunalteknikk for tiden ogs\u00e5 styring med og gjennomf\u00f8ring av prosjekt og tiltak i programmet \u201cByen som regional motor\u201d.<\/p>\n<h2>M\u00e5l og resultater<\/h2>\n<p>Gode tjenester med fokus p\u00e5 kvalitet, tilgjengelighet og brukermedvirkning.<\/p>\n<p>Tjenesteut\u00f8velse<\/p>\n<ul>\n<li>Tjenestene utenom VAR-sektor, dvs. oppgavene p\u00e5 vei, gatelys og park, lekeplasser og utenomhus, gikk samlet sett med et overskudd p\u00e5 ca. 1,4 mill. kr. Deler av overskuddet skyldes ekstrainntekter, men f\u00f8rst og fremst effektiv og n\u00f8ktern drift.<\/li>\n<li>Tjenestene p\u00e5 VAR (vannforsyning, avl\u00f8p og rensing og renovasjon) har ogs\u00e5 blitt utf\u00f8rt effektivt. VAR-gebyrene i 2018 kom litt under gjennomsnittet i kommunegruppe 13. Det er ingen selvf\u00f8lge med driftsutfordringer ved tettbebyggelse spredt p\u00e5 flere \u00f8yer.<\/li>\n<\/ul>\n<p>Tjenesteutvikling<\/p>\n<ul>\n<li>Med mange og forskjellige tjenesteomr\u00e5der, som hver for seg dekker alle innbyggere og n\u00e6ringsliv, blir virksomhets- og aktivitetsplanleggingen omfattende og krevende. Enheten \u00f8nsker \u00e5 yte god service til innbyggerne p\u00e5 ogs\u00e5 sm\u00e5 ting og ikke bare de store oppgavene. Dessuten er det viktig \u00e5 v\u00e6re fleksibel og raskt omstillbar n\u00e5r det dukker opp uventede forhold, som ogs\u00e5 m\u00e5 h\u00e5ndteres p\u00e5 en grei m\u00e5te.<\/li>\n<li>For \u00e5 klare overordnede m\u00e5l og kommunens egne satsinger, har kommunalteknikk i 2018 prioritert \u00e5 jobbe aktivt med videre utbygging av internkontroll, avviksbehandling og HMS innenfor kommunens kvalitetssystem, Losen.<\/li>\n<li>Tjenesteut\u00f8velsen og servicen til innbyggerne synes \u00e5 ha blitt bedret i 2018 ettersom det virker \u00e5 komme f\u00e6rre klager og flere forn\u00f8yde tilbakemeldinger fra innbyggerne.<\/li>\n<\/ul>\n<p>Organisasjonsutvikling<\/p>\n<ul>\n<li>Vi har fullf\u00f8rt vedtatt ny organisering av enheten i 2017 for \u00e5 f\u00e5 mer oversiktlige avdelinger og bedre styring. Ny organisering vil gj\u00f8re det lettere \u00e5 jobbe videre med omstilling og effektivisering. Den nye strukturen er fullf\u00f8rt, og ser ut til \u00e5 virke etter hensiktene.<\/li>\n<\/ul>\n<h2>Utfordringer og planer<\/h2>\n<p>R\u00e5dmannen vil prioritere \u00e5 gjennomf\u00f8re prosjektene i vedtatt hovedplan for avl\u00f8p og vannmilj\u00f8 2012\u20132021, for \u00e5 oppfylle nye og strengere krav til avl\u00f8psrensing.<br \/>\nOgs\u00e5 handlingsprogrammet og prosjektene i vedtatt hovedplan for vannforsyningen 2010 er fortsatt relevante.<br \/>\nFastsatte kvalitetskrav for vann og avl\u00f8p skal opprettholdes.<\/p>\n<p>Det skal gjennomf\u00f8res tilfredsstillende drift og vedlikehold av veianlegg, parker, friomr\u00e5der, kommunale lekeplasser og turomr\u00e5der. Det er viktig at tidligere investeringer i anlegg og infrastruktur (realkapital) blir fulgt opp med tilstrekkelig drift og vedlikehold slik at verdiene i realkapitalen ikke blir un\u00f8dig forringet.<\/p>\n<hr \/>\n<h3 style=\"text-align: center;\">VAR-gebyr<\/h3>\n<div id=\"attachment_1095\" style=\"width: 1161px\" class=\"wp-caption alignnone\"><img aria-describedby=\"caption-attachment-1095\" decoding=\"async\" loading=\"lazy\" class=\"wp-image-1095\" src=\"http:\/\/aarsrapport.kristiansund.kommune.no\/2018\/wp-content\/uploads\/sites\/11\/2019\/05\/26-VAR-gebyr.jpg\" alt=\"\" width=\"1151\" height=\"731\" srcset=\"https:\/\/aarsrapport.kristiansund.kommune.no\/2018\/wp-content\/uploads\/sites\/11\/2019\/05\/26-VAR-gebyr.jpg 1890w, https:\/\/aarsrapport.kristiansund.kommune.no\/2018\/wp-content\/uploads\/sites\/11\/2019\/05\/26-VAR-gebyr-300x190.jpg 300w, https:\/\/aarsrapport.kristiansund.kommune.no\/2018\/wp-content\/uploads\/sites\/11\/2019\/05\/26-VAR-gebyr-768x488.jpg 768w, https:\/\/aarsrapport.kristiansund.kommune.no\/2018\/wp-content\/uploads\/sites\/11\/2019\/05\/26-VAR-gebyr-1024x650.jpg 1024w\" sizes=\"(max-width: 1151px) 100vw, 1151px\" \/><p id=\"caption-attachment-1095\" class=\"wp-caption-text\">Bolig 120 m\u00b2<\/p><\/div>\n<p><em>VAR-gebyrene har vokst med om lag 9,9 % i forhold til 2016. \u00d8kningen sees i sammenheng med gammelt lednings- og avl\u00f8psnett som har medf\u00f8rt og vil medf\u00f8re vesentlige vedlikeholds- og investeringskostnader, herav nytt renseanlegg p\u00e5 Hagelin med tilh\u00f8rende overf\u00f8ringsanlegg. \u00d8kte renovasjonsgebyr sees i sammenheng med opprettelse av etterdriftsfond for avfallsdeponi, samt fremtidig etablering av ny omlastning- og milj\u00f8stasjon. Totale VAR-gebyrer ligger n\u00e5 2,7 % over niv\u00e5 med sammenlignbare kommuner(K13) i 2019, mot 1,2 % under i 2018.<\/em><\/p>\n<p><em>Med behov for videre satsinger p\u00e5 nye anlegg og til vedlikehold p\u00e5 s\u00e5 vel vannforsyning, avl\u00f8p og renovasjoner er det likevel ikke til \u00e5 komme utenom at man i Kristiansund vil ha utfordringer fremover med \u00e5 oppn\u00e5 VAR-gebyr rundt snittet til K13 p\u00e5 grunn av \u00f8kende kapitalutgifter p\u00e5 investeringene. <\/em><\/p>\n","protected":false},"excerpt":{"rendered":"<p>Fakta Rammeomr\u00e5det omfatter planlegging, utbygging, drift og vedlikehold av kommunaltekniske anlegg som vei, vann, avl\u00f8p, renovasjon og slam forvaltning og drift av parker og gr\u00f8ntanlegg, friluftsomr\u00e5der oppgaver etter forurensingslov, utslippstillatelser, forurenset grunn oppgaver p\u00e5 trafikkregulering og trafikksikkerhet, veglov byggherrefunksjon p\u00e5 utbygging av anlegg p\u00e5 vei, vannforsyning, avl\u00f8p mv. beredskapstjeneste knyttet til vannforsyning avl\u00f8pssystem og forurensning [&hellip;]<\/p>\n","protected":false},"author":2,"featured_media":0,"parent":30,"menu_order":56,"comment_status":"closed","ping_status":"closed","template":"","meta":[],"acf":[],"_links":{"self":[{"href":"https:\/\/aarsrapport.kristiansund.kommune.no\/2018\/wp-json\/wp\/v2\/pages\/116"}],"collection":[{"href":"https:\/\/aarsrapport.kristiansund.kommune.no\/2018\/wp-json\/wp\/v2\/pages"}],"about":[{"href":"https:\/\/aarsrapport.kristiansund.kommune.no\/2018\/wp-json\/wp\/v2\/types\/page"}],"author":[{"embeddable":true,"href":"https:\/\/aarsrapport.kristiansund.kommune.no\/2018\/wp-json\/wp\/v2\/users\/2"}],"replies":[{"embeddable":true,"href":"https:\/\/aarsrapport.kristiansund.kommune.no\/2018\/wp-json\/wp\/v2\/comments?post=116"}],"version-history":[{"count":0,"href":"https:\/\/aarsrapport.kristiansund.kommune.no\/2018\/wp-json\/wp\/v2\/pages\/116\/revisions"}],"up":[{"embeddable":true,"href":"https:\/\/aarsrapport.kristiansund.kommune.no\/2018\/wp-json\/wp\/v2\/pages\/30"}],"wp:attachment":[{"href":"https:\/\/aarsrapport.kristiansund.kommune.no\/2018\/wp-json\/wp\/v2\/media?parent=116"}],"curies":[{"name":"wp","href":"https:\/\/api.w.org\/{rel}","templated":true}]}}