{"id":109,"date":"2016-05-20T13:02:08","date_gmt":"2016-05-20T11:02:08","guid":{"rendered":"http:\/\/ksu.wpengine.com\/ksu-2\/rammeomrader\/pleie-og-omsorg\/"},"modified":"2019-05-23T10:55:36","modified_gmt":"2019-05-23T08:55:36","slug":"fellestjenester-pleie-og-omsorg","status":"publish","type":"page","link":"https:\/\/aarsrapport.kristiansund.kommune.no\/2018\/rammeomrader\/fellestjenester-pleie-og-omsorg\/","title":{"rendered":"Fellestjenester pleie og omsorg"},"content":{"rendered":"<h2>Fakta<\/h2>\n<p>Rammeomr\u00e5det omfatter<\/p>\n<ul>\n<li>Tildeling og koordinering av vedtaksbaserte tjenester innenfor helse og omsorg<\/li>\n<li>Tildeling av omsorgsboliger og ordin\u00e6re kommunale boliger<\/li>\n<li>Koordinerende enhet<\/li>\n<li>Familiekoordinator<\/li>\n<li>Vederlagsberegning<\/li>\n<li>Felles datal\u00f8sninger for pleie og omsorg<\/li>\n<li>Velferdsteknologiske tiltak<\/li>\n<\/ul>\n<p>Tjenesten skal sikre at kommunens innbyggere f\u00e5r n\u00f8dvendige tjenester med en kvalitet som er innenfor rammen av gjeldende bestemmelser og lovverk.<\/p>\n<h2>M\u00e5l og resultater<\/h2>\n<p>Gode tjenester med fokus p\u00e5 kvalitet, tilgjengelighet og brukermedvirkning.<\/p>\n<p>Tjenesteut\u00f8velse<\/p>\n<ul>\n<li>Vi har i l\u00f8pet av 2018 opplevd at ressursene for \u00e5 l\u00f8se l\u00f8pende oppgaver har v\u00e6rt noe begrenset grunnet sykefrav\u00e6r og permisjoner.<\/li>\n<\/ul>\n<p>Tjenesteutvikling<\/p>\n<ul>\n<li>Vi har deltatt aktivt i utvikling av tjenestene innenfor pleie og omsorg med tanke p\u00e5 \u00e5 oppn\u00e5 bedre resultater gjennom bedre tverrfaglig og tverretatlig samhandling. Det har spesielt v\u00e6rt arbeidet med \u00e5 utvikle samhandlingen mellom sykehus og kommune.<\/li>\n<\/ul>\n<p>Organisasjonsutvikling<\/p>\n<ul>\n<li>Det har ikke v\u00e6rt arbeidet med organisasjonsutvikling i 2018 utover de endringer og tilpasninger som har skjedd i forbindelse med tjenesteutvikling.<\/li>\n<\/ul>\n<h2>Utfordringer og planer<\/h2>\n<p>R\u00e5dmannen har vektlagt m\u00e5lrettet og tverrfaglig arbeid for \u00e5 redusere behovet for langvarig og omfattende tjenester. Det arbeides med \u00e5 anskaffe teknologiske l\u00f8sninger innenfor en forsvarlig organisatorisk, kompetansemessig og \u00f8konomisk ramme.<\/p>\n<p>Det skal<\/p>\n<ul>\n<li>Utvikles mer fleksible tjenester n\u00e6r bruker i samarbeid med utf\u00f8rende enheter<\/li>\n<li>Tildeles tjenester med fokus p\u00e5 brukermedvirkning<\/li>\n<li>Suppleres tjenestetilbudet med velferdsteknologi<\/li>\n<li>Etableres nye botilbud med tilpasset omsorg og service<\/li>\n<li>Utvikles tjenestetilbud til nye, yngre brukergrupper<\/li>\n<\/ul>\n<div id=\"attachment_1088\" style=\"width: 911px\" class=\"wp-caption alignnone\"><img aria-describedby=\"caption-attachment-1088\" decoding=\"async\" loading=\"lazy\" class=\" wp-image-1088\" src=\"http:\/\/aarsrapport.kristiansund.kommune.no\/2018\/wp-content\/uploads\/sites\/11\/2019\/05\/19-Vedtak.jpg\" alt=\"\" width=\"901\" height=\"572\" srcset=\"https:\/\/aarsrapport.kristiansund.kommune.no\/2018\/wp-content\/uploads\/sites\/11\/2019\/05\/19-Vedtak.jpg 1890w, https:\/\/aarsrapport.kristiansund.kommune.no\/2018\/wp-content\/uploads\/sites\/11\/2019\/05\/19-Vedtak-300x190.jpg 300w, https:\/\/aarsrapport.kristiansund.kommune.no\/2018\/wp-content\/uploads\/sites\/11\/2019\/05\/19-Vedtak-768x488.jpg 768w, https:\/\/aarsrapport.kristiansund.kommune.no\/2018\/wp-content\/uploads\/sites\/11\/2019\/05\/19-Vedtak-1024x650.jpg 1024w\" sizes=\"(max-width: 901px) 100vw, 901px\" \/><p id=\"caption-attachment-1088\" class=\"wp-caption-text\">Antall enkeltvedtak ble \u00f8kt fra 2017 til 2018.Totalt fattet Tildeling og koordinering 3 200 enkeltvedtak i 2018. \u00d8kningen skyldes i stor grad en gjennomgang av mange vedtak til mennesker med nedsatt funksjonsevne.<\/p><\/div>\n","protected":false},"excerpt":{"rendered":"<p>Fakta Rammeomr\u00e5det omfatter Tildeling og koordinering av vedtaksbaserte tjenester innenfor helse og omsorg Tildeling av omsorgsboliger og ordin\u00e6re kommunale boliger Koordinerende enhet Familiekoordinator Vederlagsberegning Felles datal\u00f8sninger for pleie og omsorg Velferdsteknologiske tiltak Tjenesten skal sikre at kommunens innbyggere f\u00e5r n\u00f8dvendige tjenester med en kvalitet som er innenfor rammen av gjeldende bestemmelser og lovverk. M\u00e5l og [&hellip;]<\/p>\n","protected":false},"author":2,"featured_media":0,"parent":30,"menu_order":41,"comment_status":"closed","ping_status":"closed","template":"","meta":[],"acf":[],"_links":{"self":[{"href":"https:\/\/aarsrapport.kristiansund.kommune.no\/2018\/wp-json\/wp\/v2\/pages\/109"}],"collection":[{"href":"https:\/\/aarsrapport.kristiansund.kommune.no\/2018\/wp-json\/wp\/v2\/pages"}],"about":[{"href":"https:\/\/aarsrapport.kristiansund.kommune.no\/2018\/wp-json\/wp\/v2\/types\/page"}],"author":[{"embeddable":true,"href":"https:\/\/aarsrapport.kristiansund.kommune.no\/2018\/wp-json\/wp\/v2\/users\/2"}],"replies":[{"embeddable":true,"href":"https:\/\/aarsrapport.kristiansund.kommune.no\/2018\/wp-json\/wp\/v2\/comments?post=109"}],"version-history":[{"count":0,"href":"https:\/\/aarsrapport.kristiansund.kommune.no\/2018\/wp-json\/wp\/v2\/pages\/109\/revisions"}],"up":[{"embeddable":true,"href":"https:\/\/aarsrapport.kristiansund.kommune.no\/2018\/wp-json\/wp\/v2\/pages\/30"}],"wp:attachment":[{"href":"https:\/\/aarsrapport.kristiansund.kommune.no\/2018\/wp-json\/wp\/v2\/media?parent=109"}],"curies":[{"name":"wp","href":"https:\/\/api.w.org\/{rel}","templated":true}]}}