{"id":103,"date":"2016-05-20T13:02:08","date_gmt":"2016-05-20T11:02:08","guid":{"rendered":"http:\/\/ksu.wpengine.com\/ksu-2\/rammeomrader\/politisk-styring\/"},"modified":"2019-05-23T10:17:00","modified_gmt":"2019-05-23T08:17:00","slug":"politisk-styring","status":"publish","type":"page","link":"https:\/\/aarsrapport.kristiansund.kommune.no\/2018\/rammeomrader\/politisk-styring\/","title":{"rendered":"Politisk styring"},"content":{"rendered":"<h2>Fakta<\/h2>\n<p>Rammeomr\u00e5det omfatter<\/p>\n<ul>\n<li>politisk sekretariat<\/li>\n<li>kontrollutvalgssekretariat<\/li>\n<\/ul>\n<p>Tjenesten skal tilrettelegge for politiske styringsprosesser og sikre at de folkevalgte har gode arbeidsvilk\u00e5r og gode beslutningsgrunnlag. Kontrollutvalget har i 2018 jobbet med nye retningslinjer med rutiner for saksinnsyn. Disse blir ferdigstilt mars 2019.<\/p>\n<h2>M\u00e5l og resultater<\/h2>\n<div class=\"table-explanation\"><\/div>\n<p>Gode tjenester med fokus p\u00e5 kvalitet, tilgjengelighet og brukermedvirkning.<\/p>\n<p><strong>Tjenesteut\u00f8velse<\/strong><\/p>\n<ul>\n<li>Vi har i sekretariatet behandlet 459 saker i 2018. Aktivitetsniv\u00e5et har v\u00e6rt h\u00f8yt, men m\u00e5lsettingen er \u00e5 redusere antall m\u00f8ter i \u00f8vrige utvalg. Det har imidlertid v\u00e6rt \u00f8kning i \u00ab\u00f8vrige m\u00f8ter\u00bb.<\/li>\n<\/ul>\n<p><strong>Tjenesteutvikling<\/strong><\/p>\n<ul>\n<li>Noen nye anlegg p\u00e5begynt og noen er tatt i bruk. M\u00e5let ellers i 2018 har langt p\u00e5 veg v\u00e6rt \u00e5 sikre eksisterende niv\u00e5 p\u00e5 tjenesteytingen med \u00e5 jobbe for bedre \u00f8konomisk kontroll. Dette er et omfattende arbeid, som vil fortsette i 2019. Utfordringene er spesielt store grunnet h\u00f8yt merforbruk innen pleie og omsorg. Utfordringene er bygget opp over lang tid, men vil kunne l\u00f8ses med god administrativ og politisk samhandling i 2019 og 2020.<\/li>\n<\/ul>\n<p><strong>Organisasjonsutvikling<\/strong><\/p>\n<ul>\n<li>Det er ikke gjennomf\u00f8rt endringer i politisk organisering i 2018, men det er (i budsjettbehandlingen for budsjett 2019) gitt bestilling fra bystyret til partigruppelederne om \u00e5 gjennomg\u00e5 utvalgsstruktur for \u00e5 effektivisere og forbedre politisk styring.<\/li>\n<\/ul>\n<h2>Utfordringer og planer<\/h2>\n<p>R\u00e5dmannen vil opptre med respekt og rettferdighet i administrasjonens m\u00f8te med politisk ledelse i bystyret og i andre r\u00e5d og utvalg. Bystyret skal, p\u00e5 sin side, forvalte sin rolle som ombudsmann for folket og som arbeidsgiver overfor administrasjonen p\u00e5 en respektfull og god m\u00e5te i tr\u00e5d med bl.a. kommunens arbeidsgiverstrategi og KS sine retningslinjer. Det er bl.a. derfor jobbet med nye etiske retningslinjer i 2018, som ferdigstilles v\u00e5ren 2019.<\/p>\n<p><strong>Det skal<\/strong><\/p>\n<ul>\n<li>gjennomf\u00f8res politiske vurderinger i alle prinsipielle saker<\/li>\n<li>gjennomf\u00f8res dialogseminar mellom politikere, enhetsledere og tillitsvalgte<\/li>\n<li>gjennomf\u00f8res folkevalgtunders\u00f8kelser<\/li>\n<li>v\u00e6re overf\u00f8ring av politiske m\u00f8ter i elektroniske kanaler<\/li>\n<\/ul>\n<hr \/>\n<h3 style=\"text-align: center;\">Politiske m\u00f8ter og saker<\/h3>\n<table style=\"height: 392px; width: 79%;\" width=\"79%\">\n<thead>\n<tr style=\"height: 56px;\">\n<th style=\"height: 112px;\" rowspan=\"2\" width=\"21%\">&nbsp;<\/p>\n<p>&nbsp;<\/th>\n<th style=\"text-align: center; height: 56px;\" colspan=\"2\" width=\"15%\">2014<\/th>\n<th style=\"text-align: center; height: 56px;\" colspan=\"2\" width=\"15%\">2015<\/th>\n<th style=\"text-align: center; height: 56px;\" colspan=\"2\" width=\"15%\">2016<\/th>\n<th style=\"text-align: center; height: 56px;\" colspan=\"2\" width=\"15%\">2017<\/th>\n<th style=\"text-align: center; background-color: #f4f9f8; height: 56px;\" colspan=\"2\" width=\"15%\">2018<\/th>\n<\/tr>\n<tr style=\"height: 56px;\">\n<th style=\"height: 56px;\" width=\"7%\">M\u00f8ter<\/th>\n<th style=\"height: 56px;\" width=\"7%\">Saker<\/th>\n<th style=\"height: 56px;\" width=\"7%\">M\u00f8ter<\/th>\n<th style=\"height: 56px;\" width=\"7%\">Saker<\/th>\n<th style=\"height: 56px;\" width=\"7%\">M\u00f8ter<\/th>\n<th style=\"height: 56px;\" width=\"7%\">Saker<\/th>\n<th style=\"height: 56px;\" width=\"7%\">M\u00f8ter<\/th>\n<th style=\"height: 56px;\" width=\"7%\">Saker<\/th>\n<th style=\"background-color: #f4f9f8; height: 56px;\" width=\"7%\">M\u00f8ter<\/th>\n<th style=\"background-color: #f4f9f8; height: 56px;\" width=\"7%\">Saker<\/th>\n<\/tr>\n<\/thead>\n<tbody>\n<tr style=\"height: 56px;\">\n<td style=\"height: 56px;\" width=\"21%\">Bystyret<\/td>\n<td style=\"height: 56px;\" width=\"7%\">12<\/td>\n<td style=\"height: 56px;\" width=\"7%\">96<\/td>\n<td style=\"height: 56px;\" width=\"7%\">10<\/td>\n<td style=\"height: 56px;\" width=\"7%\">86<\/td>\n<td style=\"height: 56px;\" width=\"7%\">12<\/td>\n<td style=\"height: 56px;\" width=\"7%\">99<\/td>\n<td style=\"height: 56px;\" width=\"7%\">10<\/td>\n<td style=\"height: 56px;\" width=\"7%\">109<\/td>\n<td style=\"background-color: #f4f9f8; height: 56px;\" width=\"7%\">10<\/td>\n<td style=\"background-color: #f4f9f8; height: 56px;\" width=\"7%\">109<\/td>\n<\/tr>\n<tr style=\"height: 56px;\">\n<td style=\"height: 56px;\" width=\"21%\">Formannskapet<\/td>\n<td style=\"height: 56px;\" width=\"7%\">20<\/td>\n<td style=\"height: 56px;\" width=\"7%\">124<\/td>\n<td style=\"height: 56px;\" width=\"7%\">15<\/td>\n<td style=\"height: 56px;\" width=\"7%\">97<\/td>\n<td style=\"height: 56px;\" width=\"7%\">20<\/td>\n<td style=\"height: 56px;\" width=\"7%\">138<\/td>\n<td style=\"height: 56px;\" width=\"7%\">16<\/td>\n<td style=\"height: 56px;\" width=\"7%\">129<\/td>\n<td style=\"background-color: #f4f9f8; height: 56px;\" width=\"7%\">16<\/td>\n<td style=\"background-color: #f4f9f8; height: 56px;\" width=\"7%\">129<\/td>\n<\/tr>\n<tr style=\"height: 56px;\">\n<td style=\"height: 56px;\" width=\"21%\">Hovedutvalg<\/td>\n<td style=\"height: 56px;\" width=\"7%\">33<\/td>\n<td style=\"height: 56px;\" width=\"7%\">101<\/td>\n<td style=\"height: 56px;\" width=\"7%\">29<\/td>\n<td style=\"height: 56px;\" width=\"7%\">77<\/td>\n<td style=\"height: 56px;\" width=\"7%\">35<\/td>\n<td style=\"height: 56px;\" width=\"7%\">89<\/td>\n<td style=\"height: 56px;\" width=\"7%\">42<\/td>\n<td style=\"height: 56px;\" width=\"7%\">108<\/td>\n<td style=\"background-color: #f4f9f8; height: 56px;\" width=\"7%\">42<\/td>\n<td style=\"background-color: #f4f9f8; height: 56px;\" width=\"7%\">108<\/td>\n<\/tr>\n<tr style=\"height: 56px;\">\n<td style=\"height: 56px;\" width=\"21%\">\u00d8vrige utvalg<\/td>\n<td style=\"height: 56px;\" width=\"7%\">65<\/td>\n<td style=\"height: 56px;\" width=\"7%\">240<\/td>\n<td style=\"height: 56px;\" width=\"7%\">49<\/td>\n<td style=\"height: 56px;\" width=\"7%\">179<\/td>\n<td style=\"height: 56px;\" width=\"7%\">42<\/td>\n<td style=\"height: 56px;\" width=\"7%\">145<\/td>\n<td style=\"height: 56px;\" width=\"7%\">39<\/td>\n<td style=\"height: 56px;\" width=\"7%\">113<\/td>\n<td style=\"background-color: #f4f9f8; height: 56px;\" width=\"7%\">39<\/td>\n<td style=\"background-color: #f4f9f8; height: 56px;\" width=\"7%\">113<\/td>\n<\/tr>\n<tr style=\"height: 56px; background-color: #f9f9f9;\">\n<td style=\"height: 56px;\" width=\"21%\">SUM<\/td>\n<td style=\"height: 56px;\" width=\"7%\">130<\/td>\n<td style=\"height: 56px;\" width=\"7%\">561<\/td>\n<td style=\"height: 56px;\" width=\"7%\">103<\/td>\n<td style=\"height: 56px;\" width=\"7%\">439<\/td>\n<td style=\"height: 56px;\" width=\"7%\">109<\/td>\n<td style=\"height: 56px;\" width=\"7%\">471<\/td>\n<td style=\"height: 56px;\" width=\"7%\">107<\/td>\n<td style=\"height: 56px;\" width=\"7%\">459<\/td>\n<td style=\"background-color: #f4f9f8; height: 56px;\" width=\"7%\">107<\/td>\n<td style=\"background-color: #f4f9f8; height: 56px;\" width=\"7%\">459<\/td>\n<\/tr>\n<\/tbody>\n<\/table>\n<div class=\"table-description\">\n<p><em>Tiltaket om \u00e5 ta ned den politiske m\u00f8teaktivitet (i \u00ab\u00f8vrige utvalg\u00bb) opprettholdes som hovedregel, mens en politisk \u00f8nsket \u00f8kning i hovedutvalgsm\u00f8ter er synlig. Formannskapets nye ansvarsomr\u00e5der er etablert i forventet m\u00f8teaktivitet.<\/em><\/p>\n<\/div>\n<hr \/>\n<h3 style=\"text-align: center;\">Oppm\u00f8te<\/h3>\n<table width=\"240\">\n<thead>\n<tr>\n<th rowspan=\"2\" width=\"80\">(prosent)<\/p>\n<p>&nbsp;<\/th>\n<th colspan=\"2\" width=\"160\">\n<p style=\"text-align: center;\">2018<\/p>\n<\/th>\n<\/tr>\n<tr>\n<th style=\"text-align: right;\" width=\"80\">Oppm\u00f8te<\/th>\n<th style=\"text-align: right;\" width=\"80\">Forfall<\/th>\n<\/tr>\n<\/thead>\n<tbody>\n<tr>\n<td width=\"80\">Bystyret<\/td>\n<td style=\"text-align: right;\" width=\"80\">74,3<\/td>\n<td style=\"text-align: right;\" width=\"80\">25,7<\/td>\n<\/tr>\n<tr>\n<td width=\"80\">Formannskapet<\/td>\n<td style=\"text-align: right;\" width=\"80\">79,8<\/td>\n<td style=\"text-align: right;\" width=\"80\">20,2<\/td>\n<\/tr>\n<tr>\n<td width=\"80\">Hovedutvalg<\/td>\n<td style=\"text-align: right;\" width=\"80\">78,7<\/td>\n<td style=\"text-align: right;\" width=\"80\">21,3<\/td>\n<\/tr>\n<tr style=\"background-color: #f9f9f9;\">\n<td width=\"80\">Gj.snitt<\/td>\n<td style=\"text-align: right;\" width=\"80\">77,6<\/td>\n<td style=\"text-align: right;\" width=\"80\">22,4<\/td>\n<\/tr>\n<\/tbody>\n<\/table>\n","protected":false},"excerpt":{"rendered":"<p>Fakta Rammeomr\u00e5det omfatter politisk sekretariat kontrollutvalgssekretariat Tjenesten skal tilrettelegge for politiske styringsprosesser og sikre at de folkevalgte har gode arbeidsvilk\u00e5r og gode beslutningsgrunnlag. Kontrollutvalget har i 2018 jobbet med nye retningslinjer med rutiner for saksinnsyn. Disse blir ferdigstilt mars 2019. M\u00e5l og resultater Gode tjenester med fokus p\u00e5 kvalitet, tilgjengelighet og brukermedvirkning. Tjenesteut\u00f8velse Vi har [&hellip;]<\/p>\n","protected":false},"author":2,"featured_media":0,"parent":30,"menu_order":33,"comment_status":"closed","ping_status":"closed","template":"","meta":[],"acf":[],"_links":{"self":[{"href":"https:\/\/aarsrapport.kristiansund.kommune.no\/2018\/wp-json\/wp\/v2\/pages\/103"}],"collection":[{"href":"https:\/\/aarsrapport.kristiansund.kommune.no\/2018\/wp-json\/wp\/v2\/pages"}],"about":[{"href":"https:\/\/aarsrapport.kristiansund.kommune.no\/2018\/wp-json\/wp\/v2\/types\/page"}],"author":[{"embeddable":true,"href":"https:\/\/aarsrapport.kristiansund.kommune.no\/2018\/wp-json\/wp\/v2\/users\/2"}],"replies":[{"embeddable":true,"href":"https:\/\/aarsrapport.kristiansund.kommune.no\/2018\/wp-json\/wp\/v2\/comments?post=103"}],"version-history":[{"count":0,"href":"https:\/\/aarsrapport.kristiansund.kommune.no\/2018\/wp-json\/wp\/v2\/pages\/103\/revisions"}],"up":[{"embeddable":true,"href":"https:\/\/aarsrapport.kristiansund.kommune.no\/2018\/wp-json\/wp\/v2\/pages\/30"}],"wp:attachment":[{"href":"https:\/\/aarsrapport.kristiansund.kommune.no\/2018\/wp-json\/wp\/v2\/media?parent=103"}],"curies":[{"name":"wp","href":"https:\/\/api.w.org\/{rel}","templated":true}]}}