{"id":101,"date":"2016-05-20T13:02:07","date_gmt":"2016-05-20T11:02:07","guid":{"rendered":"http:\/\/ksu.wpengine.com\/ksu-2\/rammeomrader\/om-rammeomrade\/"},"modified":"2019-05-16T11:01:25","modified_gmt":"2019-05-16T09:01:25","slug":"rammeomradene","status":"publish","type":"page","link":"https:\/\/aarsrapport.kristiansund.kommune.no\/2018\/rammeomrader\/rammeomradene\/","title":{"rendered":"Rammeomr\u00e5dene"},"content":{"rendered":"<p>De kommunale tjenestene er organisert i 19 rammeomr\u00e5der. Rammeomr\u00e5dene kan betraktes som en organisatorisk struktur for tjenesteytingen. Denne strukturen ligger ogs\u00e5 til grunn for bystyrets fordeling av \u00f8konomiske ressurser gjennom budsjettet.<\/p>\n<h2>Utfordringer og planer<\/h2>\n<p>Kommuneplanen gir de langsiktige m\u00e5lene og rammeverket for utfordringene og planene til alle rammeomr\u00e5der. Rammeomr\u00e5dene operasjonaliserer m\u00e5lene og rammene kommuneplanen gir i egne sektor og omr\u00e5deplaner. De \u00e5rlig rullerende Handlingsprogrammene skal gi tiltak p\u00e5 rammeomr\u00e5deniv\u00e5 for \u00e5 realisere m\u00e5lene. Rapportering p\u00e5 m\u00e5lene skjer i \u00e5rsrapporten.<\/p>\n<p>&nbsp;<\/p>\n<hr \/>\n<h3 style=\"text-align: center;\">Andel netto driftsutgifter<\/h3>\n<div id=\"attachment_1099\" style=\"width: 733px\" class=\"wp-caption alignnone\"><img aria-describedby=\"caption-attachment-1099\" decoding=\"async\" loading=\"lazy\" class=\"wp-image-1099\" src=\"http:\/\/aarsrapport.kristiansund.kommune.no\/2018\/wp-content\/uploads\/sites\/11\/2019\/05\/30-Andel-netto-driftsutgifter.jpg\" alt=\"\" width=\"723\" height=\"459\" srcset=\"https:\/\/aarsrapport.kristiansund.kommune.no\/2018\/wp-content\/uploads\/sites\/11\/2019\/05\/30-Andel-netto-driftsutgifter.jpg 1890w, https:\/\/aarsrapport.kristiansund.kommune.no\/2018\/wp-content\/uploads\/sites\/11\/2019\/05\/30-Andel-netto-driftsutgifter-300x190.jpg 300w, https:\/\/aarsrapport.kristiansund.kommune.no\/2018\/wp-content\/uploads\/sites\/11\/2019\/05\/30-Andel-netto-driftsutgifter-768x488.jpg 768w, https:\/\/aarsrapport.kristiansund.kommune.no\/2018\/wp-content\/uploads\/sites\/11\/2019\/05\/30-Andel-netto-driftsutgifter-1024x650.jpg 1024w\" sizes=\"(max-width: 723px) 100vw, 723px\" \/><p id=\"caption-attachment-1099\" class=\"wp-caption-text\">Rammeomr\u00e5denes netto driftsutgifter ligger i 2018 p\u00e5 totalt 1,38 mrd. kroner. Diagrammet viser rammeomr\u00e5denes netto driftsutgifter, og derigjennom prioriteringene av de ulike omr\u00e5dene.<\/p><\/div>\n<hr \/>\n<h3 style=\"text-align: center;\">Inntekter og utgifter p\u00e5 rammeomr\u00e5dene<\/h3>\n<div id=\"attachment_1100\" style=\"width: 737px\" class=\"wp-caption alignnone\"><img aria-describedby=\"caption-attachment-1100\" decoding=\"async\" loading=\"lazy\" class=\"wp-image-1100\" src=\"http:\/\/aarsrapport.kristiansund.kommune.no\/2018\/wp-content\/uploads\/sites\/11\/2019\/05\/31-Inntekter-og-utgifter.jpg\" alt=\"\" width=\"727\" height=\"462\" srcset=\"https:\/\/aarsrapport.kristiansund.kommune.no\/2018\/wp-content\/uploads\/sites\/11\/2019\/05\/31-Inntekter-og-utgifter.jpg 1890w, https:\/\/aarsrapport.kristiansund.kommune.no\/2018\/wp-content\/uploads\/sites\/11\/2019\/05\/31-Inntekter-og-utgifter-300x190.jpg 300w, https:\/\/aarsrapport.kristiansund.kommune.no\/2018\/wp-content\/uploads\/sites\/11\/2019\/05\/31-Inntekter-og-utgifter-768x488.jpg 768w, https:\/\/aarsrapport.kristiansund.kommune.no\/2018\/wp-content\/uploads\/sites\/11\/2019\/05\/31-Inntekter-og-utgifter-1024x650.jpg 1024w\" sizes=\"(max-width: 727px) 100vw, 727px\" \/><p id=\"caption-attachment-1100\" class=\"wp-caption-text\">Figuren viser utvikling av inntekter og utgifter som er knyttet til de ulike rammeomr\u00e5dene. For perioden under ett har inntektene hatt en noe h\u00f8yere vekst enn utgiftene. Likevel viser absolutte tall at utgiftsveksten har v\u00e6rt p\u00e5 520 mill. kroner, mens inntektsveksten har v\u00e6rt p\u00e5 170 mill. kroner.<\/p><\/div>\n","protected":false},"excerpt":{"rendered":"<p>De kommunale tjenestene er organisert i 19 rammeomr\u00e5der. Rammeomr\u00e5dene kan betraktes som en organisatorisk struktur for tjenesteytingen. Denne strukturen ligger ogs\u00e5 til grunn for bystyrets fordeling av \u00f8konomiske ressurser gjennom budsjettet. Utfordringer og planer Kommuneplanen gir de langsiktige m\u00e5lene og rammeverket for utfordringene og planene til alle rammeomr\u00e5der. Rammeomr\u00e5dene operasjonaliserer m\u00e5lene og rammene kommuneplanen gir [&hellip;]<\/p>\n","protected":false},"author":2,"featured_media":0,"parent":30,"menu_order":32,"comment_status":"closed","ping_status":"closed","template":"","meta":[],"acf":[],"_links":{"self":[{"href":"https:\/\/aarsrapport.kristiansund.kommune.no\/2018\/wp-json\/wp\/v2\/pages\/101"}],"collection":[{"href":"https:\/\/aarsrapport.kristiansund.kommune.no\/2018\/wp-json\/wp\/v2\/pages"}],"about":[{"href":"https:\/\/aarsrapport.kristiansund.kommune.no\/2018\/wp-json\/wp\/v2\/types\/page"}],"author":[{"embeddable":true,"href":"https:\/\/aarsrapport.kristiansund.kommune.no\/2018\/wp-json\/wp\/v2\/users\/2"}],"replies":[{"embeddable":true,"href":"https:\/\/aarsrapport.kristiansund.kommune.no\/2018\/wp-json\/wp\/v2\/comments?post=101"}],"version-history":[{"count":0,"href":"https:\/\/aarsrapport.kristiansund.kommune.no\/2018\/wp-json\/wp\/v2\/pages\/101\/revisions"}],"up":[{"embeddable":true,"href":"https:\/\/aarsrapport.kristiansund.kommune.no\/2018\/wp-json\/wp\/v2\/pages\/30"}],"wp:attachment":[{"href":"https:\/\/aarsrapport.kristiansund.kommune.no\/2018\/wp-json\/wp\/v2\/media?parent=101"}],"curies":[{"name":"wp","href":"https:\/\/api.w.org\/{rel}","templated":true}]}}