{"id":970,"date":"2018-05-24T13:11:16","date_gmt":"2018-05-24T11:11:16","guid":{"rendered":"http:\/\/aarsrapport.kristiansund.kommune.no\/2017\/rammeomrader\/bo-og-habilitering-copy\/"},"modified":"2018-05-25T13:53:54","modified_gmt":"2018-05-25T11:53:54","slug":"storhaugen-helsehus","status":"publish","type":"page","link":"https:\/\/aarsrapport.kristiansund.kommune.no\/2017\/rammeomrader\/storhaugen-helsehus\/","title":{"rendered":"Storhaugen helsehus"},"content":{"rendered":"<h2>Fakta<\/h2>\n<p>Rammeomr\u00e5det omfatter<\/p>\n<p>D\u00f8gntilbud med<\/p>\n<ul>\n<li>korttidsplasser for utredning og behandling<\/li>\n<li>spesialiserte korttidsplasser innen rehabilitering og palliasjon<\/li>\n<li>interkommunalt \u00f8yeblikkelig hjelp d\u00f8gntilbud<\/li>\n<\/ul>\n<p>Legetjeneste med<\/p>\n<ul>\n<li>kommuneoverlege, sykehjemsleger, turnuslege og fastlegeordning<\/li>\n<li>interkommunal legevakt<\/li>\n<\/ul>\n<p>Forebyggende og rehabiliterende tjenester med<\/p>\n<ul>\n<li>regional utviklingssentral for Friskliv og mestring<\/li>\n<li>ergoterapi og fysioterapi (inklusiv fysioterapeuter med driftsavtale)<\/li>\n<li>dagtilbud<\/li>\n<li>milj\u00f8arbeidertjeneste<\/li>\n<li>eldresenter<\/li>\n<\/ul>\n<p>Kommunepsykologer<\/p>\n<p>Helsehuset tilbyr tjenester som tilrettelegger for at den enkelte pasient skal kunne mestre sin egen hverdag p\u00e5 best mulig m\u00e5te. Enheten tilbyr tjenester for innbyggere i alle aldersgrupper og p\u00e5 alle niv\u00e5er i omsorgstrappen.<\/p>\n<p>&nbsp;<\/p>\n<h2>M\u00e5l og resultater<\/h2>\n<p>V\u00e5rt hovedfokus er \u00e5 drivehelsefremmende, forebyggende, rehabiliterende og behandlende tjenester som bidrar til at tjenestemottakeren i st\u00f8rst mulig grad opplever \u00e5 ha god helse, livskvalitet og mottar tjenester p\u00e5 lavest mulig niv\u00e5.<\/p>\n<p>Vi skal<\/p>\n<ul>\n<li>stimulere til et aktivt liv p\u00e5 egne premisser<\/li>\n<li>jobbe systematisk for \u00e5 innovere og samordne tjenester<\/li>\n<li>involvere brukeren i all tjenesteutvikling<\/li>\n<li>ha fokus p\u00e5 forbedringsarbeid som sikrer gode og effektive pasientforl\u00f8p<\/li>\n<li>s\u00f8ke og dele kunnskap med v\u00e5re samarbeidspartnere<\/li>\n<li>legge til rette for et arbeidsmilj\u00f8 hvor ansatte utnytter sin kompetanse<\/li>\n<li>jobbe for et inkluderende arbeidsliv<\/li>\n<\/ul>\n<p>Enheten ble organisert som eget rammeomr\u00e5de fra 1.1.2017. Videre arbeid med \u00e5 utarbeide m\u00e5l og m\u00e5leindikatorer for resultatstyring avventes til arbeid med konkretisering av kommuneplanen er sluttf\u00f8rt og til virksomhetsstyringsprogrammet er p\u00e5 plass. Enheten vil legge vekt p\u00e5 \u00e5 utarbeide m\u00e5leindikatorer som gjenspeiler bredden i v\u00e5re tjenester, og vil jobbe med \u00e5 gj\u00f8re v\u00e5re m\u00e5l kjent for pasienter, brukere og p\u00e5r\u00f8rende.<\/p>\n<p>Tabellen under viser driftstalltall for Friskliv og Mestring, for det interkommunalt \u00f8yeblikkelig hjelp- tilbud, samt for rehabilitering.<\/p>\n<h2>M\u00e5l og resultater<\/h2>\n<h4 style=\"text-align: center;\">Unikt m\u00e5lekort \u2013 rammeomr\u00e5de kommunalteknikk \u2013 fokusomr\u00e5de brukere<br \/>\nHovedm\u00e5l &#8211; Gode tjenester med fokus p\u00e5 kvalitet, tilgjengelighet og brukermedvirkning<\/h4>\n<table width=\"672\">\n<thead>\n<tr>\n<td width=\"155\">Suksessfaktor<\/p>\n<p>(delm\u00e5l)<\/td>\n<td style=\"text-align: left;\" width=\"182\">M\u00e5leindikator<\/td>\n<td style=\"text-align: right;\" width=\"59\">Resultat-krav<\/td>\n<td style=\"text-align: right;\" width=\"66\">Resultat 2015<\/td>\n<td style=\"text-align: right;\" width=\"66\">Resultat 2016<\/td>\n<td style=\"text-align: right;\" width=\"66\">Resultat 2017<\/td>\n<td style=\"text-align: right;\" width=\"77\">Kommentar<\/td>\n<\/tr>\n<\/thead>\n<tbody>\n<tr>\n<td rowspan=\"2\" width=\"155\">Driftsresultater interkommunalt \u00f8yeblikkelig hjelp tilbud<\/td>\n<td style=\"text-align: left;\" width=\"182\">Kapasitetsutnyttelse<\/td>\n<td style=\"text-align: right;\" width=\"59\">&gt;70 %<\/td>\n<td style=\"background-color: #fcf7ee; text-align: right;\" width=\"66\">58,4<\/td>\n<td style=\"background-color: #fcf7ee; text-align: right;\" width=\"66\">58,1<\/td>\n<td style=\"background-color: #fcf7ee; text-align: right;\" width=\"66\">65,5<\/td>\n<td style=\"text-align: right;\" width=\"77\"><\/td>\n<\/tr>\n<tr>\n<td style=\"text-align: left;\" width=\"182\">Gjennomsnittlig liggetid<\/td>\n<td style=\"text-align: right;\" width=\"59\">4,5-5,5 d\u00f8gn<\/td>\n<td style=\"background-color: #f4f9f8; width: 66px; text-align: right;\" width=\"66\">5,5<\/td>\n<td style=\"background-color: #f4f9f8; text-align: right;\" width=\"66\">5,5<\/td>\n<td style=\"background-color: #fcf7ee; width: 66px; text-align: right;\" width=\"66\">6,8<\/td>\n<td style=\"text-align: right;\" width=\"77\"><\/td>\n<\/tr>\n<tr>\n<td width=\"155\">Driftsresultater Friskliv- og mestring<\/td>\n<td style=\"text-align: left;\" width=\"182\">Antall henvendelser<\/td>\n<td style=\"text-align: right;\" width=\"59\"><\/td>\n<td style=\"text-align: right;\" width=\"66\"><\/td>\n<td style=\"background-color: #f4f9f8; text-align: right;\" width=\"66\">321<\/td>\n<td style=\"background-color: #f4f9f8; text-align: right;\" width=\"66\">557<\/td>\n<td style=\"text-align: right;\" width=\"77\"><\/td>\n<\/tr>\n<tr>\n<td width=\"155\"><\/td>\n<td style=\"text-align: left;\" width=\"182\">Antall personer deltatt (frisklivstrening, bevegelsesgruppe, aktiv p\u00e5 dagtid, r\u00f8ykesluttkurs og aktive eldre 65+)<\/td>\n<td style=\"text-align: right;\" width=\"59\">\u00d8kning<\/td>\n<td style=\"text-align: right;\" width=\"66\"><\/td>\n<td style=\"background-color: #f4f9f8; text-align: right;\" width=\"66\">157<\/td>\n<td style=\"background-color: #f4f9f8; text-align: right;\" width=\"66\">317<\/td>\n<td style=\"text-align: right;\" width=\"77\"><\/td>\n<\/tr>\n<tr>\n<td width=\"155\">&nbsp;<\/p>\n<p>&nbsp;<\/td>\n<td style=\"text-align: left;\" width=\"182\">Aktive eldre 65+ (oppstart medio 2016)<\/td>\n<td style=\"text-align: right;\" width=\"59\"><\/td>\n<td style=\"text-align: right;\" width=\"66\"><\/td>\n<td style=\"background-color: #f4f9f8; text-align: right;\" width=\"66\">18<\/td>\n<td style=\"background-color: #f4f9f8; text-align: right;\" width=\"66\">46<\/td>\n<td style=\"text-align: right;\" width=\"77\"><\/td>\n<\/tr>\n<tr>\n<td width=\"155\">&nbsp;<\/p>\n<p>&nbsp;<\/td>\n<td style=\"text-align: left;\" width=\"182\">Antall personer deltatt p\u00e5 temabaserte samlinger<\/td>\n<td style=\"text-align: right;\" width=\"59\"><\/td>\n<td style=\"text-align: right;\" width=\"66\"><\/td>\n<td style=\"background-color: #f4f9f8; text-align: right;\" width=\"66\">143<\/td>\n<td style=\"background-color: #f4f9f8; text-align: right;\" width=\"66\">263<\/td>\n<td style=\"text-align: right;\" width=\"77\"><\/td>\n<\/tr>\n<tr>\n<td width=\"155\">Driftsresultater rehabilitering<\/td>\n<td style=\"text-align: left;\" width=\"182\">Antall vedtak om rehabilitering i institusjon<\/td>\n<td style=\"text-align: right;\" width=\"59\"><\/td>\n<td style=\"text-align: right;\" width=\"66\"><\/td>\n<td style=\"background-color: #fcf7ee; width: 66px; text-align: right;\" width=\"66\">35<\/td>\n<td style=\"background-color: #f4f9f8; text-align: right;\" width=\"66\">63<\/td>\n<td style=\"text-align: right;\" width=\"77\"><\/td>\n<\/tr>\n<tr>\n<td width=\"155\"><\/td>\n<td style=\"text-align: left;\" width=\"182\">Antall vedtak om rehabilitering i hjemmet<\/td>\n<td style=\"text-align: right;\" width=\"59\"><\/td>\n<td style=\"text-align: right;\" width=\"66\"><\/td>\n<td style=\"background-color: #f4f9f8; text-align: right;\" width=\"66\">104<\/td>\n<td style=\"background-color: #ece9f2; width: 66px; text-align: right;\" width=\"66\">64<\/td>\n<td style=\"text-align: right;\" width=\"77\"><\/td>\n<\/tr>\n<\/tbody>\n<\/table>\n<h2>Utfordringer og planer<\/h2>\n<p>Enheten opplever utfordringer rundt drift av dagaktivitetstilbud og tjenesten dagopphold institusjon. Kommunens dreining av tjenester med fokus p\u00e5 \u00e5 tilrettelegge for at man kan bo lengst mulig hjemme, har f\u00f8rt til \u00f8kt ettersp\u00f8rsel av disse tjenestene, samtidig som brukerne av tilbudene har et d\u00e5rligere funksjonsniv\u00e5. Tjenestene er per i dag ikke dimensjonert for den \u00f8kende ettersp\u00f8rselen verken n\u00e5r det gjelder antall brukere eller behov for utvidede \u00e5pningstider.<\/p>\n<p>I d\u00f8gndriften opplever vi \u00f8kende problem med redusert sirkulasjon p\u00e5 korttidsplassene, noe som p\u00e5virker kapasiteten til \u00e5 ta imot utskrivningsklare pasienter fra sykehus. Enheten drifter med overbelegg for avhjelpe dette og jobber tett med de andre enhetene innen helse for kort- og langsiktige tiltak. Tall ovenfor viser at antall vedtak om rehabilitering i hjemmet har falt drastisk fra 2016 til 2017. Enheten vil jobbe med \u00e5 snu denne trenden.<\/p>\n","protected":false},"excerpt":{"rendered":"<p>Fakta Rammeomr\u00e5det omfatter D\u00f8gntilbud med korttidsplasser for utredning og behandling spesialiserte korttidsplasser innen rehabilitering og palliasjon interkommunalt \u00f8yeblikkelig hjelp d\u00f8gntilbud Legetjeneste med kommuneoverlege, sykehjemsleger, turnuslege og fastlegeordning interkommunal legevakt Forebyggende og rehabiliterende tjenester med regional utviklingssentral for Friskliv og mestring ergoterapi og fysioterapi (inklusiv fysioterapeuter med driftsavtale) dagtilbud milj\u00f8arbeidertjeneste eldresenter Kommunepsykologer Helsehuset tilbyr tjenester som [&hellip;]<\/p>\n","protected":false},"author":2,"featured_media":0,"parent":30,"menu_order":54,"comment_status":"closed","ping_status":"closed","template":"","meta":[],"acf":[],"_links":{"self":[{"href":"https:\/\/aarsrapport.kristiansund.kommune.no\/2017\/wp-json\/wp\/v2\/pages\/970"}],"collection":[{"href":"https:\/\/aarsrapport.kristiansund.kommune.no\/2017\/wp-json\/wp\/v2\/pages"}],"about":[{"href":"https:\/\/aarsrapport.kristiansund.kommune.no\/2017\/wp-json\/wp\/v2\/types\/page"}],"author":[{"embeddable":true,"href":"https:\/\/aarsrapport.kristiansund.kommune.no\/2017\/wp-json\/wp\/v2\/users\/2"}],"replies":[{"embeddable":true,"href":"https:\/\/aarsrapport.kristiansund.kommune.no\/2017\/wp-json\/wp\/v2\/comments?post=970"}],"version-history":[{"count":0,"href":"https:\/\/aarsrapport.kristiansund.kommune.no\/2017\/wp-json\/wp\/v2\/pages\/970\/revisions"}],"up":[{"embeddable":true,"href":"https:\/\/aarsrapport.kristiansund.kommune.no\/2017\/wp-json\/wp\/v2\/pages\/30"}],"wp:attachment":[{"href":"https:\/\/aarsrapport.kristiansund.kommune.no\/2017\/wp-json\/wp\/v2\/media?parent=970"}],"curies":[{"name":"wp","href":"https:\/\/api.w.org\/{rel}","templated":true}]}}