{"id":66,"date":"2016-05-20T12:58:06","date_gmt":"2016-05-20T10:58:06","guid":{"rendered":"http:\/\/ksu.wpengine.com\/ksu-2\/mal-og-resultater\/naeringsutvikling\/"},"modified":"2017-05-12T09:36:23","modified_gmt":"2017-05-12T07:36:23","slug":"naeringsutvikling","status":"publish","type":"page","link":"https:\/\/aarsrapport.kristiansund.kommune.no\/2016\/mal-og-resultater\/naeringsutvikling\/","title":{"rendered":"N\u00e6ringsutvikling"},"content":{"rendered":"<h2>M\u00e5l<\/h2>\n<p><strong>Kristiansundsomr\u00e5det skal v\u00e6re et allsidig og attraktivt arbeidsmarked.<\/strong><\/p>\n<h3>Vi skal<\/h3>\n<ol>\n<li>Styrke de sentrale n\u00e6ringsklyngene petroleum og energi, marin og maritim sektor, kultur og reiseliv samt handel og service.<\/li>\n<li>Tiltrekke oss arbeidsplasser innen statlig og regional offentlig forvaltning.<\/li>\n<li>Opprettholde og videreutvikle arbeidsplasser innen landbruk.<\/li>\n<\/ol>\n<h2>Resultater<\/h2>\n<h3>Styrke sentrale n\u00e6ringsklynger<\/h3>\n<p>Det ble i 2016 inng\u00e5tt en samarbeidsavtale mellom Kristiansund og <span class=\"tooltips \" style=\"\" title=\"Dannet 1. januar 2016 gjennom sammensl\u00e5ing av Aver\u00f8y N\u00e6ringsforum, Kristiansund og omegn vekst med KOM Byliv, Nordm\u00f8re N\u00e6ringsr\u00e5d og Tingvoll N\u00e6ringsforum.\">Nordm\u00f8re N\u00e6ringsforum<\/span> (KNN) og Kristiansund kommune for \u00e5rene 2017-2018. Avtalen beskriver KNNs leveranser og forpliktelser knyttet til n\u00e6ringsutvikling og aktiviteter i Kristiansunds-regionen. Samarbeidet sikrer en koordinert n\u00e6ringsutvikling. Leveransene vil styrke lokalt n\u00e6ringsliv og skal stimulere til vekst og utvikling. F\u00f8rende for arbeidet er den til enhver tid gjeldende kommunedelplan, samfunnsdelen samt vedtatte kommunale handlingsplaner.<\/p>\n<p>V\u00e5r n\u00e6ringsavdeling har vist stor aktivitet innen klyngearbeid for \u00e5 informere godt og delta med kunnskap om trender og utvikling. Dette gjelder n\u00e6ringsarrangementer som Petropolen med ti m\u00f8ter, Oljens dag med dyphavet som tema, Desemberkonferansen, oljemessen i Stavanger med gjestebytelt og m\u00f8terom p\u00e5 messeomr\u00e5det, sj\u00f8matmesse i Trondheim, Marin Arena, seminar i tang og tare, havteknologi, Industripolitisk seminar i Sandefjord, Norskehavskonferansen i Stj\u00f8rdal, \u00e5rskonferansen til Norsk olje og gass, Barentshavskonferansen i Hammerfest, Jazzgass i Molde, Nordm\u00f8rskonferansen og Surnadalkonferansen.<\/p>\n<p>Vi har bist\u00e5tt Ocean Network (ON) med r\u00e5dgiving. Spesielt gjelder det ombyggingen av lagerskipet Njord\u00a0B som ligger i opplag p\u00e5 Umoe Dale Industripark. Statoil har besluttet \u00e5 modernisere tankskipet. ON som ble dratt i gang av kommunen i 2011, har om lag 35 medlemsbedrifter. ON har endret navnet fra offshore til ocean \u2013 noe som er en trend i alt n\u00e6ringsarbeid i Kristiansund. Vi dreier n\u00e5 kursen mot hav og gr\u00f8nt skifte, og st\u00e5r st\u00f8digere p\u00e5 tre bein; petroleum, sj\u00f8fart og sj\u00f8mat. Kristiansund er en god havn for alt dette. Byen peker seg ut som en viktig havn i Nord-Europa med \u00f8kt trafikk til og fra nordomr\u00e5dene, med fiskeri, havbruk, olje\/gass og reiseliv.<\/p>\n<p>Kristiansund og Nordm\u00f8re Havn IKS har bygd ut nye havneanlegg i Surnadal og p\u00e5 Sm\u00f8la og spiller en viktig rolle inn i Hemne og Hitra.<\/p>\n<p>P\u00e5 arealsiden har regionen utviklet nye tilbud rundt Bremsnesfjordbassenget og i Dalabukta. Nye etablerere kan velge mellom gode lokaliteter og leieforhold p\u00e5 et dusin steder.<\/p>\n<p>Kristiansund vokser innen havbruksteknologi. Klyngen av leverand\u00f8rer utvikler seg positivt. I tillegg skjer det mye utviklingsarbeid innen h\u00f8sting av tang og tare.<\/p>\n<p>Vi ble i 2016 majoritetseier i Vikan Eiendom. Statoil ASA \u00f8nsket \u00e5 selge seg ut, og kommunen benyttet sin forkj\u00f8psrett p\u00e5 aksjene og sikret seg en eierandel p\u00e5 51\u00a0%. Vi etablerte det heleide selskapet Bolgneset Utvikling AS etter at bystyret vedtok \u00e5 satse p\u00e5 et utviklingsareal for havteknologi fra Bolgneset og vestover. Selskapets form\u00e5l er \u00e5 tilrettelegge for etablering av et fremtidig havteknologisenter og utvikle sj\u00f8n\u00e6re arealer. Det er stor interesse for etablering av kommersiell virksomhet i havrommet. Vi bidro ogs\u00e5 aktivt til gjennomf\u00f8ring av fusjonsprosessen mellom B\u00f8lgen n\u00e6ringshage og Knudtzonsenteret.<\/p>\n<h3>Tiltrekke oss arbeidsplasser innen offentlig forvaltning<\/h3>\n<p>Regjeringen vedtok at denne felles nasjonale enhet skulle plasseres i Kristiansund. Dette gir 70 nye arbeidsplasser. Kompetansemilj\u00f8et har valgt Vikang\u00e5rden for den nye organisasjonen.<\/p>\n<p>Offshore beredskapen fortsetter ved politistasjonen i Kristiansund. Operasjonssentralen og politimesterens stab ble flyttet til \u00c5lesund for hele fylket.<\/p>\n<hr \/>\n<h3 style=\"text-align: center;\">Fordeling av arbeidsplasser<\/h3>\n<div id=\"attachment_773\" style=\"width: 1034px\" class=\"wp-caption alignnone\"><a href=\"http:\/\/aarsrapport.kristiansund.kommune.no\/2016\/wp-content\/uploads\/sites\/9\/2016\/05\/3.2.png\"><img aria-describedby=\"caption-attachment-773\" decoding=\"async\" loading=\"lazy\" class=\"wp-image-773 size-large\" src=\"http:\/\/aarsrapport.kristiansund.kommune.no\/2016\/wp-content\/uploads\/sites\/9\/2016\/05\/3.2-1024x650.png\" alt=\"\" width=\"1024\" height=\"650\" srcset=\"https:\/\/aarsrapport.kristiansund.kommune.no\/2016\/wp-content\/uploads\/sites\/9\/2016\/05\/3.2-1024x650.png 1024w, https:\/\/aarsrapport.kristiansund.kommune.no\/2016\/wp-content\/uploads\/sites\/9\/2016\/05\/3.2-300x190.png 300w, https:\/\/aarsrapport.kristiansund.kommune.no\/2016\/wp-content\/uploads\/sites\/9\/2016\/05\/3.2-768x488.png 768w, https:\/\/aarsrapport.kristiansund.kommune.no\/2016\/wp-content\/uploads\/sites\/9\/2016\/05\/3.2.png 1969w\" sizes=\"(max-width: 1024px) 100vw, 1024px\" \/><\/a><p id=\"caption-attachment-773\" class=\"wp-caption-text\">Antall arbeidsplasser i Kristiansund er p\u00e5 niv\u00e5 med \u00e5r 2010, og utgjorde 11 666 ved utgangen av \u00e5ret. Andel arbeidsplasser innen kommunalsektor har v\u00e6rt \u00f8kende, uendret innen stat\/fylke og avtagende innen privat sektor for Kristiansund. Tilsvarende har trenden v\u00e6rt i Molde og p\u00e5 landsbasis. I Kristiansund utgj\u00f8r arbeidsplasser i privat sektor en vesentlig h\u00f8yere andel enn tilfellet er for Molde, mens det er motsatt for statlige og fylkeskommunale arbeidsplasser.<\/p><\/div>\n<h3>Opprettholde og videreutvikle arbeidsplasser innen landbruk<\/h3>\n<p>Gjemnes utf\u00f8rer landbruksfaglige tjenester for Kristiansund kommune. De bidrar med r\u00e5dgivning og forvaltning av ulike tilskuddsordninger for landbruket.<\/p>\n<h2>Utfordringer og planer<\/h2>\n<p>N\u00e6ringslivet er i stadig endring, og utsatt for internasjonale konjunkturer og konkurranse. Vi spiller en viktig rolle som samarbeidspartner, koordinator og d\u00f8r\u00e5pner med og for n\u00e6ringslivet v\u00e5rt. Dette arbeidet skjer dels i samarbeid med nabokommuner, regionale organer og ikke minst n\u00e6ringslivets organisasjoner og institusjoner. Dette \u00f8nsker vi \u00e5 fortsette med.<\/p>\n<p>Olje- og energiutvalget har arbeidet strategisk og politisk for \u00e5 pushe mer aktivitet innen leting, vedlikehold og sikkerhet. Det har f\u00f8rt fram innen investeringer. N\u00e5 starter en serie av tie-in prosjekter p\u00e5 Haltenbanken:<\/p>\n<ul>\n<li>Maria (Wintershall, operat\u00f8r) er under utbygging. 600 d\u00f8gn med produksjonsboring i 2017 og 2018. Maria er et mellomstort oljefelt som vil produsere over Kristin.<\/li>\n<li>Dvalin (DEA, operat\u00f8r) leverte plan for utbygging og drift h\u00f8sten 2016.<\/li>\n<li>Trestakk (Statoil, operat\u00f8r) leverte plan for utbygging og drift h\u00f8sten 2016.<\/li>\n<li>PIL &amp; Bue (VNG, operat\u00f8r) leverte designvalg, tilknytning til Njord A.<\/li>\n<li>Njord A (Statoil, operat\u00f8r) er under ombygging i Stord.<\/li>\n<li>Bauge (tidligere Snilehorn) leverer PUD i 2017.<\/li>\n<li>Njord B vil bli modernisert. ON og Mid-Nor Yards er i posisjon til \u00e5 levere anbud.<\/li>\n<\/ul>\n<p>Oljeprisen har lagt seg p\u00e5 et niv\u00e5 rundt 55-56 dollar ved slutten av 2016. OPEC-medlemmene har inng\u00e5tt et samarbeid med begrensninger i dagsproduksjonen p\u00e5 1,4 mill. fat. Balanseprisen for nye felt er n\u00e5 nede p\u00e5 27\u00a0dollar fatet. Nye utbygginger vil bli l\u00f8nnsomme. Anslaget for \u00e5rlige investeringer p\u00e5 norsk sokkel frem til 2020 er p\u00e5 om lag 150\u00a0mrd.\u00a0kroner.<\/p>\n<p>Kristiansund g\u00e5r for konsekvensutredning av Nordland 6, 7 og Troms 2. Forvaltningsplanen for Norskehavet kommer til ny behandling i 2017.<\/p>\n<p>Planer og prosjekter p\u00e5 land:<\/p>\n<ul>\n<li>Utviklingen av Bolgneset havteknologisenter med areal, regulering, eiendomsavklaringer og planer for produksjon av offshore stein til \u00e5 sikre r\u00f8rgater i havet.<\/li>\n<li>Etablere truck-stop ved innfartsveien (Rv. 70).<\/li>\n<li>Fortsette arbeidet som skal tilrettelegge for attraktiv handel og \u00f8kt sentrumshandel.<\/li>\n<li>Holde trykket p\u00e5 prosessen i Avinor med modernisering og investeringer i ny flyplassterminal og hangar for helikoptre.<\/li>\n<\/ul>\n<p>Framtidig strategi for en st\u00f8rre satsing p\u00e5 H\u00f8gskolesenteret i Kristiansund \u2013 \u00abCampus Kristiansund\u00bb, kan gi nye arbeidsplasser innenfor akademia. M\u00e5let er 1\u00a0000 studenter p\u00e5 sikt i den foresl\u00e5tte satsingen.<\/p>\n<p>&nbsp;<\/p>\n","protected":false},"excerpt":{"rendered":"<p>M\u00e5l Kristiansundsomr\u00e5det skal v\u00e6re et allsidig og attraktivt arbeidsmarked. Vi skal Styrke de sentrale n\u00e6ringsklyngene petroleum og energi, marin og maritim sektor, kultur og reiseliv samt handel og service. Tiltrekke oss arbeidsplasser innen statlig og regional offentlig forvaltning. Opprettholde og videreutvikle arbeidsplasser innen landbruk. Resultater Styrke sentrale n\u00e6ringsklynger Det ble i 2016 inng\u00e5tt en samarbeidsavtale [&hellip;]<\/p>\n","protected":false},"author":2,"featured_media":0,"parent":26,"menu_order":35,"comment_status":"closed","ping_status":"closed","template":"","meta":[],"acf":[],"_links":{"self":[{"href":"https:\/\/aarsrapport.kristiansund.kommune.no\/2016\/wp-json\/wp\/v2\/pages\/66"}],"collection":[{"href":"https:\/\/aarsrapport.kristiansund.kommune.no\/2016\/wp-json\/wp\/v2\/pages"}],"about":[{"href":"https:\/\/aarsrapport.kristiansund.kommune.no\/2016\/wp-json\/wp\/v2\/types\/page"}],"author":[{"embeddable":true,"href":"https:\/\/aarsrapport.kristiansund.kommune.no\/2016\/wp-json\/wp\/v2\/users\/2"}],"replies":[{"embeddable":true,"href":"https:\/\/aarsrapport.kristiansund.kommune.no\/2016\/wp-json\/wp\/v2\/comments?post=66"}],"version-history":[{"count":0,"href":"https:\/\/aarsrapport.kristiansund.kommune.no\/2016\/wp-json\/wp\/v2\/pages\/66\/revisions"}],"up":[{"embeddable":true,"href":"https:\/\/aarsrapport.kristiansund.kommune.no\/2016\/wp-json\/wp\/v2\/pages\/26"}],"wp:attachment":[{"href":"https:\/\/aarsrapport.kristiansund.kommune.no\/2016\/wp-json\/wp\/v2\/media?parent=66"}],"curies":[{"name":"wp","href":"https:\/\/api.w.org\/{rel}","templated":true}]}}