{"id":71,"date":"2016-05-20T12:58:06","date_gmt":"2016-05-20T10:58:06","guid":{"rendered":"http:\/\/ksu.wpengine.com\/ksu-2\/mal-og-resultater\/by-og-arealutvikling\/"},"modified":"2016-05-31T14:44:50","modified_gmt":"2016-05-31T12:44:50","slug":"by-og-arealutvikling","status":"publish","type":"page","link":"https:\/\/aarsrapport.kristiansund.kommune.no\/2015\/mal-og-resultater\/by-og-arealutvikling\/","title":{"rendered":"By- og arealutvikling"},"content":{"rendered":"<h2>M\u00e5l<\/h2>\n<p><strong>Kristiansund kommunes areal- og utbyggingspolitikk skal v\u00e6re b\u00e6rekraftig med sikte p\u00e5 langsiktig verdiskaping.<\/strong><\/p>\n<h3>Vi skal<\/h3>\n<ol>\n<li>Utvikle v\u00e5r arealbruk i dialog med nabokommuner og slik utvikle felles interesser.<\/li>\n<li>Skal tilrettelegge nye attraktive bolig- og n\u00e6ringsarealer i tilstrekkelig omfang, samtidig som eksisterende bebyggelse omformes etter nye behov.<\/li>\n<li>Ta klimahensyn i v\u00e5r arealplanlegging.<\/li>\n<li>Sikre framkommeligheten i kommunen gjennom helhetlig transportplanlegging og utvikle bysentrum til en regionalt attraktiv, tett og urban bolig-, handels- og kulturby med gode bymessige kvaliteter.<\/li>\n<li>Ha god og varig kvalitet p\u00e5 offentlige bygg og anlegg.<\/li>\n<\/ol>\n<h2>Resultater<\/h2>\n<h3>Utvikle v\u00e5r arealbruk i dialog med nabokommuner<\/h3>\n<p>Arbeidet med felles kommunedelplan for sj\u00f8omr\u00e5dene for hele Nordm\u00f8re hadde god framdrift, og ventes framlagt til politisk behandling i 2016. Arbeidet skjer i regi av regionr\u00e5det ORKid\u00e9, og med Tingvoll som vertskommune.<\/p>\n<p>Havnesamarbeidet gjennom Kristiansund og Nordm\u00f8re Havn IKS ble utvidet gjennom vedtak om ny utbygging p\u00e5 Hitra.<\/p>\n<h3>Tilrettelegge nye attraktive bolig- og n\u00e6ringsarealer<\/h3>\n<p>Arbeidet med ny kommunedelplan for sentrum kom et godt stykke videre gjennom framleggingen av en omfattende analyse og mulighetsstudie, samt forslag til formingsveileder. Det ble meldt oppstart av planlegging for Devoldholmen-omr\u00e5det med sikte p\u00e5 \u00e5 legge til rette for en st\u00f8rre utbygging n\u00e5r fylkeskommunen skal legge om til gateterminal for kollektivtrafikken. Bypakkearbeidet stoppet opp i p\u00e5vente av statlig medfinansiering.<\/p>\n<h3>Sikre framkommeligheten i kommunen og utvikle bysentrum<\/h3>\n<p>Kristiansund kommune er, sammen med Molde og \u00c5lesund kommuner med i fylkeskommunens satsing p\u00e5 by og byutviklingsprosjekt \u00abByen som regional motor\u00bb. Deltakelse gir kompetanseutveksling og bidrar til finansiering av utviklingsprosjekter i sentrum.<\/p>\n<h3>God og varig kvalitet p\u00e5 offentlige bygg og anlegg<\/h3>\n<p>Byggingen av nytt avl\u00f8psrenseanlegg for store deler av kommunen p\u00e5 Hagelin kom i gang. Anlegget skal st\u00e5 ferdig i april 2016.<\/p>\n<h2>Utfordringer og planer<\/h2>\n<p>Byutviklingen skjer p\u00e5 mange m\u00e5ter p\u00e5 ulike arenaer, og involverer politikere, n\u00e6ringslivsfolk, kulturlivet, barn- og unge og mange andre. Gjennom byregionprogrammet og kommunereformen vil vi styrke Kristiansunds rolle som et naturlig og attraktivt regionsenter p\u00e5 og for Nordm\u00f8re. I dette inng\u00e5r samarbeid om n\u00e6ringsarealer, havne- og samferdselssaker og deling av kompetanse mellom Nordm\u00f8rskommunene.<\/p>\n<p>God framkommelighet til byen og n\u00e6ringsarealer er viktig i regionbyggingen. Bypakken er et samarbeid mellom Statens vegvesen, fylkeskommunen og Kristiansund kommune om \u00e5 planlegge, finansiere og bygge ut framtids-rettede og mer milj\u00f8riktige samferdselsl\u00f8sninger.<\/p>\n<p>L\u00f8kkemyra er regionalt det viktigste handelsomr\u00e5det, til glede for mange, men ogs\u00e5 til sorg for de som \u00f8nsker mer handel og liv i sentrum. Kommende \u00e5r skal en ny kommunedelplan for sentrum behandles. Her f\u00e5r kommunen mulighet til \u00e5 dr\u00f8fte sentrumsutviklingen, hva som er \u00f8nskelig og politisk og \u00f8konomisk mulig \u00e5 f\u00e5 til, og hvordan det kan gj\u00f8res. Spennvidden i problemstillinger er store, fra nytt opera- og kulturhus til vedlikehold av gatene i sentrum.<\/p>\n","protected":false},"excerpt":{"rendered":"<p>M\u00e5l Kristiansund kommunes areal- og utbyggingspolitikk skal v\u00e6re b\u00e6rekraftig med sikte p\u00e5 langsiktig verdiskaping. Vi skal Utvikle v\u00e5r arealbruk i dialog med nabokommuner og slik utvikle felles interesser. Skal tilrettelegge nye attraktive bolig- og n\u00e6ringsarealer i tilstrekkelig omfang, samtidig som eksisterende bebyggelse omformes etter nye behov. Ta klimahensyn i v\u00e5r arealplanlegging. Sikre framkommeligheten i kommunen [&hellip;]<\/p>\n","protected":false},"author":2,"featured_media":0,"parent":26,"menu_order":48,"comment_status":"closed","ping_status":"closed","template":"","meta":[],"acf":[],"_links":{"self":[{"href":"https:\/\/aarsrapport.kristiansund.kommune.no\/2015\/wp-json\/wp\/v2\/pages\/71"}],"collection":[{"href":"https:\/\/aarsrapport.kristiansund.kommune.no\/2015\/wp-json\/wp\/v2\/pages"}],"about":[{"href":"https:\/\/aarsrapport.kristiansund.kommune.no\/2015\/wp-json\/wp\/v2\/types\/page"}],"author":[{"embeddable":true,"href":"https:\/\/aarsrapport.kristiansund.kommune.no\/2015\/wp-json\/wp\/v2\/users\/2"}],"replies":[{"embeddable":true,"href":"https:\/\/aarsrapport.kristiansund.kommune.no\/2015\/wp-json\/wp\/v2\/comments?post=71"}],"version-history":[{"count":0,"href":"https:\/\/aarsrapport.kristiansund.kommune.no\/2015\/wp-json\/wp\/v2\/pages\/71\/revisions"}],"up":[{"embeddable":true,"href":"https:\/\/aarsrapport.kristiansund.kommune.no\/2015\/wp-json\/wp\/v2\/pages\/26"}],"wp:attachment":[{"href":"https:\/\/aarsrapport.kristiansund.kommune.no\/2015\/wp-json\/wp\/v2\/media?parent=71"}],"curies":[{"name":"wp","href":"https:\/\/api.w.org\/{rel}","templated":true}]}}